ulate c(7).
6
Let r(w) = -4*w**2 - 3*w - 2. What is r(-1)?
-3
Let d(r) = r**2 - 7*r + 1. Determine d(4).
-11
Let z(h) = -3*h**2 - 3*h - 12. What is z(-2)?
-18
Let t(y) = -21*y + 413. What is t(20)?
-7
Let k(c) = c**2 - 17*c + 15. Calculate k(16).
-1
Let y(t) = 2*t + 9. Give y(-5).
-1
Let t(w) = -w. Determine t(11).
-11
Let i(n) = -n**2 + 3*n - 5. Determine i(3).
-5
Let u(c) = -c**3 - 2*c**2 + 2*c - 7. What is u(-3)?
-4
Let u(y) = 14*y - 498. Calculate u(35).
-8
Let a(l) = l + 4. Calculate a(8).
12
Let l(a) = 6*a + 94. What is l(-15)?
4
Let q(g) = -g**3 + 8*g**2 + 4. Determine q(8).
4
Let h(s) = s + 32. Give h(-22).
10
Let a(z) = 3*z - 21. Give a(4).
-9
Let q(d) = -7*d + 4. Determine q(5).
-31
Let h(a) = 6*a + 3. Give h(3).
21
Let w(k) = k**3 - 16*k**2 + 16*k - 29. Calculate w(15).
-14
Let p(l) = l**3 + 8*l**2 + 6*l + 5. Determine p(-7).
12
Let m(a) = -10*a - 206. What is m(-21)?
4
Let f(b) = 29*b**3 + b + 1. Calculate f(-1).
-29
Let s(x) = -3*x - 55. Give s(-18).
-1
Let w(f) = 2*f**2 + f + 5. Calculate w(0).
5
Let v(k) = 10*k - 9. Determine v(-4).
-49
Let j(o) = 4*o**2 - 5. Determine j(2).
11
Let b(w) = -9*w + 80. What is b(7)?
17
Let r(i) = -i**3 + 6*i**2 - 5*i + 6. Calculate r(5).
6
Let t(h) = -h + 9. Calculate t(-4).
13
Let y(k) = 30*k**3 + 2*k**2 - k + 1. Calculate y(1).
32
Let k(n) = -7*n**3 + 8*n**2 - 13*n - 1. What is k(2)?
-51
Let i(g) = -2*g - 31. Determine i(-21).
11
Let u(y) = y**3 + 3*y**2 - 16*y - 15. What is u(-6)?
-27
Let y(r) = 3*r**2 + 40*r + 123. What is y(-4)?
11
Let g(i) = 3*i**2 + 23*i + 1. Give g(-7).
-13
Let s(n) = -n**2 + n + 15. What is s(0)?
15
Let k(m) = -m**2 + 3*m + 3. What is k(4)?
-1
Let r(j) = -2*j**3 - j**2 + 3*j - 10. Calculate r(0).
-10
Let r(n) = 3*n + 90. Determine r(-31).
-3
Let q(z) = z**2 + 10*z + 5. Give q(-9).
-4
Let p(m) = -m - 1. Calculate p(0).
-1
Let p(i) = -i**2 + i - 1. What is p(-4)?
-21
Let m(l) = l**3 - 8*l**2 + 11*l + 4. Give m(6).
-2
Let f(a) = -a + 43. What is f(0)?
43
Let i(n) = -2*n + 19. Give i(4).
11
Let x(l) = -l**3 + 9*l**2 + 13*l - 13. What is x(10)?
17
Let q(s) = s**2 - 14*s + 42. Determine q(6).
-6
Let q(c) = -c**2 - 9*c - 15. What is q(-6)?
3
Let p(q) = -q**3 - 9*q**2 + 8*q + 15. Give p(-7).
-139
Let h(r) = 5*r**2 + 1. Determine h(1).
6
Let t(u) = -u**3 + 2*u**2 + 14*u - 43. Calculate t(3).
-10
Let w(j) = j**3 + 9*j**2 + 14*j - 15. Calculate w(-7).
-15
Let t(q) = q - 1. What is t(10)?
9
Let s(j) = 30*j + 363. Determine s(-12).
3
Let m(l) = l**3 + 12*l**2 + 10*l - 16. Give m(-11).
-5
Let z(a) = -4*a + 29. What is z(9)?
-7
Let o(y) = -16*y + 214. Determine o(14).
-10
Let v(l) = l**3 + 13*l**2 + 15*l + 41. What is v(-12)?
5
Let h(q) = q**2 - 14*q + 16. What is h(14)?
16
Let z(h) = -h**3 - 6*h**2 + h + 3. Determine z(-7).
45
Let y(p) = -p**3 - 2*p**2 + 2*p + 3. Calculate y(-3).
6
Let l(o) = -o**3 + 3*o**2 + 2*o - 9. Determine l(4).
-17
Let s(i) = -2*i**2 - 10*i + 64. Give s(4).
-8
Let g(x) = x**2 - 4*x + 4. Give g(3).
1
Let n(f) = -f**3 + 10*f**2 + 6*f - 2. What is n(10)?
58
Let i(j) = 8*j**2 + 60*j + 20. Give i(-7).
-8
Let v(w) = w**3 - 8*w**2 - 10*w + 2. What is v(9)?
-7
Let o(y) = -15*y + 16. Calculate o(6).
-74
Let b(w) = 2*w - 22. Calculate b(14).
6
Let b(t) = -256*t + 512. Calculate b(2).
0
Let z(k) = k**3 - 15*k**2 - 14*k - 33. What is z(16)?
-1
Let l(k) = k**3 - 5*k**2 - 2*k - 6. What is l(6)?
18
Let k(r) = -11*r + 51. Give k(15).
-114
Let a(p) = -2*p + 9. Give a(-9).
27
Let i(o) = o**3 + 14*o**2 - 16*o + 12. Give i(-15).
27
Let a(y) = y**2 - 5*y - 5. What is a(7)?
9
Let h(y) = -3*y + 24. Give h(6).
6
Let m(s) = -35*s + 2. Determine m(-2).
72
Let k(o) = o**3 + 5*o**2 - 2*o - 5. Calculate k(-2).
11
Let y(j) = 9*j - 85. Calculate y(12).
23
Let h(a) = 5*a**2 - 97*a + 36. Give h(19).
-2
Let t(r) = -r**2 + 17*r - 2. Determine t(15).
28
Let g(k) = 9*k + 4. Calculate g(-3).
-23
Let z(x) = -2*x**2 - 3*x - 10. Give z(-6).
-64
Let g(a) = a**2 + 35*a + 30. Give g(-34).
-4
Let s(c) = -12*c + 159. Give s(12).
15
Let z(m) = 3*m**2 + 2*m - 1. Determine z(1).
4
Let s(l) = -14*l**2 - 2*l + 2. Give s(1).
-14
Let i(r) = 4*r - 9. Determine i(3).
3
Let f(n) = -17*n**2 - 20*n + 18. Calculate f(1).
-19
Let b(y) = -y**2 - 10*y + 109. Determine b(-17).
-10
Let s(q) = -8*q**2 - 3. Calculate s(2).
-35
Let q(g) = 16*g + 150. Determine q(-9).
6
Let h(f) = f**2 + 4*f - 3. Determine h(2).
9
Let w(y) = 12*y**3 - 2*y**2 + 1. Calculate w(-1).
-13
Let k(m) = 11*m + 58. Give k(-6).
-8
Let g(y) = y**2 - 17*y + 7. Calculate g(12).
-53
Let o(b) = b**2 + 56*b + 781. Determine o(-28).
-3
Let x(s) = s**3 + 7*s**2 + 4*s - 11. What is x(-6)?
1
Let u(h) = -19*h. Give u(2).
-38
Let g(r) = r**3 + 14*r**2 + 14*r + 18. What is g(-13)?
5
Let a(g) = -6*g. What is a(-4)?
24
Let d(n) = n**3 + 9*n**2 + 8*n + 9. What is d(-8)?
9
Let z(p) = -p**3 - 21*p**2 + 24*p + 51. What is z(-22)?
7
Let g(s) = 2*s**3 - 14*s**2 + 9*s - 3. Calculate g(6).
-21
Let x(g) = 4*g + 64. Give x(-23).
-28
Let m(h) = -h**3 - 9*h**2 - 11*h - 12. Calculate m(-8).
12
Let q(d) = 6*d**2 - 12*d - 2. What is q(4)?
46
Let s(h) = 7*h**2 + 3*h - 5. Calculate s(3).
67
Let p(i) = -5*i - 216. Calculate p(-42).
-6
Let j(h) = -h**3 + 32*h**2 - 60*h - 6. What is j(30)?
-6
Let c(s) = s**3 + 4*s**2 - 6*s - 4. Determine c(-6).
-40
Let m(j) = -j**2 - j + 10. Calculate m(-4).
-2
Let o(q) = q**2 + 25*q - 259. Determine o(-33).
5
Let p(s) = 2*s**2 - 18*s + 16. Determine p(8).
0
Let c(v) = -v**3 - 13*v**2 - 15*v - 14. What is c(-12)?
22
Let g(o) = 2*o + 5. Calculate g(1).
7
Let v(u) = -u**2 + 7*u + 7. Give v(-1).
-1
Let n(s) = -s**3 - 11*s**2 - 9*s + 18. What is n(-10)?
8
Let l(i) = 107*i - 1497. Give l(14).
1
Let v(b) = 2*b**3 + 12*b**2 + 10*b - 6. Give v(-5).
-6
Let x(o) = 3*o - 1. Calculate x(-5).
-16
Let d(x) = -x**3 + 12*x**2 - 9*x - 16. Give d(11).
6
Let h(m) = m**2 + m. Calculate h(-2).
2
Let s(g) = 17*g - 2. What is s(0)?
-2
Let c(t) = t**3 + 14*t**2 + 15*t + 10. Calculate c(-13).
-16
Let k(u) = u**2 + 19*u + 57. Calculate k(-16).
9
Let c(k) = 154*k**2 - 4*k - 5. What is c(-1)?
153
Let f(b) = b**3 - 39*b**2 + 107*b + 19. Determine f(36).
-17
Let r(w) = -w**3 - 12*w**2 - 5*w - 13. Determine r(-11).
-79
Let d(u) = -3*u**2 - 2*u + 10. What is d(-4)?
-30
Let b(h) = -h**3 + 11*h**2 - 11*h + 10. What is b(10)?
0
Let m(k) = k**2 + 6*k - 1. Determine m(-5).
-6
Let k(i) = 2*i**3 + 4*i**2 - i + 3. Calculate k(-4).
-57
Let o(g) = -g**3 + 9*g**2 - 11*g + 10. What is o(7)?
31
Let z(o) = 5*o**3 + 7*o + 6. Give z(-1).
-6
Let p(j) = j**2 + 11*j + 58. Give p(-8).
34
Let d(y) = 38*y + 40. What is d(0)?
40
Let t(f) = -f**2 + 10. Calculate t(5).
-15
Let i(x) = -x**3 - 3*x**2 - 3*x - 3. Give i(-3).
6
Let o(q) = q**2 - 2*q - 53. Determine o(-9).
46
Let k(n) = n**3 - n - 70. Determine k(0).
-70
Let q(o) = -19*o - 78. Give q(-4).
-2
Let h(t) = 14*t**3 - t**2 - 2. Give h(-2).
-118
Let k(m) = 2*m**2 - 11*m - 3. What is k(-2)?
27
Let p(s) = 2*s**2 - 50*s + 132. Give p(22).
0
Let c(v) = 4*v**3 + 3*v**2 + 8*v + 12. Calculate c(-3).
-93
Let s(k) = 9*k - 2. Calculate s(2).
16
Let r(x) = -x**3 + 24*x**2 + 25*x + 3. Give r(25).
3
Let m(r) = 2*r**3 - 10*r**2 + 6*r + 8. Determine m(4).
0
Let r(b) = -b**3 + 10*b**2 - 9*b + 7. Calculate r(9).
7
Let n(w) = w**2 - 5*w - 7. Give n(5).
-7
Let t(s) = s**2 - 12*s + 37. Determine t(8).
5
Let n(w) = 2*w - 15. Give n(-14).
-43
Let o(r) = 8*r + 1. Calculate o(-5).
-39
Let b(p) = 15*p - 8. What is b(-2)?
-38
Let x(j) = -j**3 - 12*j**2 - 20*j + 10. What is x(-9)?
-53
Let o(u) = 3*u - 5. Determine o(2).
1
Let i(j) = -2*j**3 + 5*j**2 + 3*j + 3. Give i(4).
-33
Let f(d) = -28*d + 43. Give f(2).
-13
Let i(j) = 65*j + 1823. Give i(-28).
3
Let p(k) = -k - 8. What is p(-3)?
-5
Let i(s) = -s**3 - 5*s**2 + 5*s - 5. Give i(-6).
1
Let o(l) = l**3 + 5*l**2 - 10*l - 25. What is o(-6)?
-1
Let o(p) = -p**3 - 25*p**2 + p + 28. Determine o(-25).
3
Let w(q) = q**2 - 19*q + 94. Calculate w(7).
10
Let y(c) = -32*c + 68. Determine y(3).
-28
Let j(m) = -m**3 + 4*m**2 - m + 3. Calculate j(3).
9
Let z(j) = -6*j + 2. Determine z(-1).
8
Let d(t) = t**3 - 9*t**2 + 6*t - 4. Determine d(8).
-20
Let u(x) = x**2 + 3*x - 15. Give u(-7).
13
Let h(g) = 16*g**3 - g**2. Give h(1).
15
Let g(t) = -t - 12. Calculate g(-6).
-6
Let r(h) = -h**3 + 6*h**2 - 9. Calculate r(6).
-9
Let o(m) = -2*m - 17. What is